{"id":2436,"date":"2019-08-06T11:16:07","date_gmt":"2019-08-06T11:16:07","guid":{"rendered":"https:\/\/malakoloski-muzej-makarska.eu\/dr-fra-jure-radic\/"},"modified":"2024-07-01T14:25:50","modified_gmt":"2024-07-01T14:25:50","slug":"dr-fra-jure-radic","status":"publish","type":"page","link":"https:\/\/malakoloski-muzej-makarska.eu\/en\/dr-fra-jure-radic\/","title":{"rendered":"Dr. fra Jure Radi\u0107"},"content":{"rendered":"<p><section class=\"kc-elm kc-css-582260 kc_row\"><div class=\"kc-row-container  kc-container\"><div class=\"kc-wrap-columns\"><div class=\"kc-elm kc-css-157146 kc_col-sm-12 kc_column kc_col-sm-12\"><div class=\"kc-col-container\"><div class=\"kc-elm kc-css-667243 kc_text_block\"><\/p>\n<p>Dr. fra Jure Radi\u0107 was born on 28 November 1920 in Ba\u0161ka Voda near Makarska. After elementary school in his home town, he graduated from the Franciscan Classical Grammar School of Sinj in 1940. He was ordained a priest in 1943 in Makarska. He received his doctorate from the Catholic Faculty of Theology in Zagreb in 1957. He was briefly parish priest in several parishes, and spent most of his life in Visovac, Makarska and Zagreb as an educator and professor (90 semesters) of seminarians and theologians. He was the guardian and rector of the Franciscan School of Theology in Makarska.<\/p>\n<p>He is a world-renowned expert in the field of malacology, botany and ecology. He is the founder of the Malacological Museum, the &#8220;Planina i more\" Institute and the Biokovo Botanical Garden Koti\u0161ina in Makarska. He is the initiator of scientific conferences and the scientific almanac &#8220;Acta Biokovica\" on the nature of Biokovo. He collaborated in many natural science journals and editions where he gave a considerable number of scientific papers. He is the author, editor, publisher and translator of many professional and scientific papers on liturgical and theological issues. He was a contributor to numerous books and the author of the book Liturgijska obnova kod Hrvata (Liturgical Renewal among Croats), Zagreb, 1957. (c),75., Moj Misal, I-III (razmatranja), Rijeka; 1957 \u2013 58, 988., Liturgijska obnova u Hrvatskoj, Makarska, 1966, 224., Blago mora, Makarska, 1970, 116., Bilje Biokova, Makarska, 1977, 237., Lice mora, Makarska, 1991, 94.<\/p>\n<p>He died suddenly on 25 July 1990 in Split, and was buried in the City Cemetery in Makarska.<\/p>\n<p>SOURCE: <a href=\"https:\/\/pp-biokovo.hr\/\" target=\"_blank\" rel=\"noopener\">https:\/\/pp-biokovo.hr\/<\/a><\/p>\n<p>\n<\/div><\/div><\/div><\/div><\/div><\/section><section class=\"kc-elm kc-css-912815 kc_row\"><div class=\"kc-row-container  kc-container\"><div class=\"kc-wrap-columns\"><div class=\"kc-elm kc-css-705608 kc_col-sm-12 kc_column kc_col-sm-12\"><div class=\"kc-col-container\"><div class=\"kc-elm kc-css-760710 kc_shortcode kc_single_image\">\n\n        <a  href=\"https:\/\/malakoloski-muzej-makarska.eu\/wp-content\/uploads\/2019\/10\/DSC_0358.jpg\" title=\"\" target=\"\">\n        <img decoding=\"async\" src=\"https:\/\/malakoloski-muzej-makarska.eu\/wp-content\/uploads\/2019\/10\/DSC_0358.jpg\" class=\"\" alt=\"\" \/>    <\/a>\n    <\/div>\n<\/div><\/div><\/div><\/div><\/section><\/p>\n","protected":false},"excerpt":{"rendered":"","protected":false},"author":1,"featured_media":0,"parent":0,"menu_order":0,"comment_status":"closed","ping_status":"closed","template":"","meta":{"footnotes":""},"class_list":["post-2436","page","type-page","status-publish","hentry"],"yoast_head":"<!-- This site is optimized with the Yoast SEO plugin v27.2 - https:\/\/yoast.com\/product\/yoast-seo-wordpress\/ -->\n<title>Dr. fra Jure Radi\u0107 - Malakolo\u0161ki Muzej Makarska<\/title>\n<meta name=\"description\" content=\"Dr. fra Jure Radi\u0107 was born on 28 November 1920 in Ba\u0161ka Voda near Makarska. After elementary school in his home town, he graduated from the Franciscan Classical Grammar School of Sinj in 1940.\" \/>\n<meta name=\"robots\" content=\"index, follow, max-snippet:-1, max-image-preview:large, max-video-preview:-1\" \/>\n<link rel=\"canonical\" href=\"https:\/\/malakoloski-muzej-makarska.eu\/en\/dr-fra-jure-radic\/\" \/>\n<meta property=\"og:locale\" content=\"en_US\" \/>\n<meta property=\"og:type\" content=\"article\" \/>\n<meta property=\"og:title\" content=\"Dr. fra Jure Radi\u0107 - Malakolo\u0161ki Muzej Makarska\" \/>\n<meta property=\"og:description\" content=\"Dr. fra Jure Radi\u0107 was born on 28 November 1920 in Ba\u0161ka Voda near Makarska. After elementary school in his home town, he graduated from the Franciscan Classical Grammar School of Sinj in 1940.\" \/>\n<meta property=\"og:url\" content=\"https:\/\/malakoloski-muzej-makarska.eu\/en\/dr-fra-jure-radic\/\" \/>\n<meta property=\"og:site_name\" content=\"Malakolo\u0161ki Muzej Makarska\" \/>\n<meta property=\"article:modified_time\" content=\"2024-07-01T14:25:50+00:00\" \/>\n<meta property=\"og:image\" content=\"https:\/\/malakoloski-muzej-makarska.eu\/wp-content\/uploads\/2019\/10\/DSC_0358.jpg\" \/>\n<meta name=\"twitter:card\" content=\"summary_large_image\" \/>\n<meta name=\"twitter:label1\" content=\"Est. reading time\" \/>\n\t<meta name=\"twitter:data1\" content=\"2 minutes\" \/>\n<script type=\"application\/ld+json\" class=\"yoast-schema-graph\">{\"@context\":\"https:\/\/schema.org\",\"@graph\":[{\"@type\":\"WebPage\",\"@id\":\"https:\/\/malakoloski-muzej-makarska.eu\/en\/dr-fra-jure-radic\/\",\"url\":\"https:\/\/malakoloski-muzej-makarska.eu\/en\/dr-fra-jure-radic\/\",\"name\":\"Dr. fra Jure Radi\u0107 - Malakolo\u0161ki Muzej Makarska\",\"isPartOf\":{\"@id\":\"https:\/\/malakoloski-muzej-makarska.eu\/#website\"},\"primaryImageOfPage\":{\"@id\":\"https:\/\/malakoloski-muzej-makarska.eu\/en\/dr-fra-jure-radic\/#primaryimage\"},\"image\":{\"@id\":\"https:\/\/malakoloski-muzej-makarska.eu\/en\/dr-fra-jure-radic\/#primaryimage\"},\"thumbnailUrl\":\"https:\/\/malakoloski-muzej-makarska.eu\/wp-content\/uploads\/2019\/10\/DSC_0358.jpg\",\"datePublished\":\"2019-08-06T11:16:07+00:00\",\"dateModified\":\"2024-07-01T14:25:50+00:00\",\"description\":\"Dr. fra Jure Radi\u0107 was born on 28 November 1920 in Ba\u0161ka Voda near Makarska. After elementary school in his home town, he graduated from the Franciscan Classical Grammar School of Sinj in 1940.\",\"breadcrumb\":{\"@id\":\"https:\/\/malakoloski-muzej-makarska.eu\/en\/dr-fra-jure-radic\/#breadcrumb\"},\"inLanguage\":\"en-US\",\"potentialAction\":[{\"@type\":\"ReadAction\",\"target\":[\"https:\/\/malakoloski-muzej-makarska.eu\/en\/dr-fra-jure-radic\/\"]}]},{\"@type\":\"ImageObject\",\"inLanguage\":\"en-US\",\"@id\":\"https:\/\/malakoloski-muzej-makarska.eu\/en\/dr-fra-jure-radic\/#primaryimage\",\"url\":\"https:\/\/malakoloski-muzej-makarska.eu\/wp-content\/uploads\/2019\/10\/DSC_0358.jpg\",\"contentUrl\":\"https:\/\/malakoloski-muzej-makarska.eu\/wp-content\/uploads\/2019\/10\/DSC_0358.jpg\"},{\"@type\":\"BreadcrumbList\",\"@id\":\"https:\/\/malakoloski-muzej-makarska.eu\/en\/dr-fra-jure-radic\/#breadcrumb\",\"itemListElement\":[{\"@type\":\"ListItem\",\"position\":1,\"name\":\"Home\",\"item\":\"https:\/\/malakoloski-muzej-makarska.eu\/en\/\"},{\"@type\":\"ListItem\",\"position\":2,\"name\":\"Dr. fra Jure Radi\u0107\"}]},{\"@type\":\"WebSite\",\"@id\":\"https:\/\/malakoloski-muzej-makarska.eu\/#website\",\"url\":\"https:\/\/malakoloski-muzej-makarska.eu\/\",\"name\":\"Malakolo\u0161ki Muzej Makarska\",\"description\":\"Malakolo\u0161ki muzej Franjeva\u010dkog samostana u Makarskoj\",\"potentialAction\":[{\"@type\":\"SearchAction\",\"target\":{\"@type\":\"EntryPoint\",\"urlTemplate\":\"https:\/\/malakoloski-muzej-makarska.eu\/?s={search_term_string}\"},\"query-input\":{\"@type\":\"PropertyValueSpecification\",\"valueRequired\":true,\"valueName\":\"search_term_string\"}}],\"inLanguage\":\"en-US\"}]}<\/script>\n<!-- \/ Yoast SEO plugin. -->","yoast_head_json":{"title":"Dr. fra Jure Radi\u0107 - Malakolo\u0161ki Muzej Makarska","description":"Dr. fra Jure Radi\u0107 was born on 28 November 1920 in Ba\u0161ka Voda near Makarska. After elementary school in his home town, he graduated from the Franciscan Classical Grammar School of Sinj in 1940.","robots":{"index":"index","follow":"follow","max-snippet":"max-snippet:-1","max-image-preview":"max-image-preview:large","max-video-preview":"max-video-preview:-1"},"canonical":"https:\/\/malakoloski-muzej-makarska.eu\/en\/dr-fra-jure-radic\/","og_locale":"en_US","og_type":"article","og_title":"Dr. fra Jure Radi\u0107 - Malakolo\u0161ki Muzej Makarska","og_description":"Dr. fra Jure Radi\u0107 was born on 28 November 1920 in Ba\u0161ka Voda near Makarska. After elementary school in his home town, he graduated from the Franciscan Classical Grammar School of Sinj in 1940.","og_url":"https:\/\/malakoloski-muzej-makarska.eu\/en\/dr-fra-jure-radic\/","og_site_name":"Malakolo\u0161ki Muzej Makarska","article_modified_time":"2024-07-01T14:25:50+00:00","og_image":[{"url":"https:\/\/malakoloski-muzej-makarska.eu\/wp-content\/uploads\/2019\/10\/DSC_0358.jpg","type":"","width":"","height":""}],"twitter_card":"summary_large_image","twitter_misc":{"Est. reading time":"2 minutes"},"schema":{"@context":"https:\/\/schema.org","@graph":[{"@type":"WebPage","@id":"https:\/\/malakoloski-muzej-makarska.eu\/en\/dr-fra-jure-radic\/","url":"https:\/\/malakoloski-muzej-makarska.eu\/en\/dr-fra-jure-radic\/","name":"Dr. fra Jure Radi\u0107 - Malakolo\u0161ki Muzej Makarska","isPartOf":{"@id":"https:\/\/malakoloski-muzej-makarska.eu\/#website"},"primaryImageOfPage":{"@id":"https:\/\/malakoloski-muzej-makarska.eu\/en\/dr-fra-jure-radic\/#primaryimage"},"image":{"@id":"https:\/\/malakoloski-muzej-makarska.eu\/en\/dr-fra-jure-radic\/#primaryimage"},"thumbnailUrl":"https:\/\/malakoloski-muzej-makarska.eu\/wp-content\/uploads\/2019\/10\/DSC_0358.jpg","datePublished":"2019-08-06T11:16:07+00:00","dateModified":"2024-07-01T14:25:50+00:00","description":"Dr. fra Jure Radi\u0107 was born on 28 November 1920 in Ba\u0161ka Voda near Makarska. After elementary school in his home town, he graduated from the Franciscan Classical Grammar School of Sinj in 1940.","breadcrumb":{"@id":"https:\/\/malakoloski-muzej-makarska.eu\/en\/dr-fra-jure-radic\/#breadcrumb"},"inLanguage":"en-US","potentialAction":[{"@type":"ReadAction","target":["https:\/\/malakoloski-muzej-makarska.eu\/en\/dr-fra-jure-radic\/"]}]},{"@type":"ImageObject","inLanguage":"en-US","@id":"https:\/\/malakoloski-muzej-makarska.eu\/en\/dr-fra-jure-radic\/#primaryimage","url":"https:\/\/malakoloski-muzej-makarska.eu\/wp-content\/uploads\/2019\/10\/DSC_0358.jpg","contentUrl":"https:\/\/malakoloski-muzej-makarska.eu\/wp-content\/uploads\/2019\/10\/DSC_0358.jpg"},{"@type":"BreadcrumbList","@id":"https:\/\/malakoloski-muzej-makarska.eu\/en\/dr-fra-jure-radic\/#breadcrumb","itemListElement":[{"@type":"ListItem","position":1,"name":"Home","item":"https:\/\/malakoloski-muzej-makarska.eu\/en\/"},{"@type":"ListItem","position":2,"name":"Dr. fra Jure Radi\u0107"}]},{"@type":"WebSite","@id":"https:\/\/malakoloski-muzej-makarska.eu\/#website","url":"https:\/\/malakoloski-muzej-makarska.eu\/","name":"Malakolo\u0161ki Muzej Makarska","description":"Malakolo\u0161ki muzej Franjeva\u010dkog samostana u Makarskoj","potentialAction":[{"@type":"SearchAction","target":{"@type":"EntryPoint","urlTemplate":"https:\/\/malakoloski-muzej-makarska.eu\/?s={search_term_string}"},"query-input":{"@type":"PropertyValueSpecification","valueRequired":true,"valueName":"search_term_string"}}],"inLanguage":"en-US"}]}},"_links":{"self":[{"href":"https:\/\/malakoloski-muzej-makarska.eu\/en\/wp-json\/wp\/v2\/pages\/2436","targetHints":{"allow":["GET"]}}],"collection":[{"href":"https:\/\/malakoloski-muzej-makarska.eu\/en\/wp-json\/wp\/v2\/pages"}],"about":[{"href":"https:\/\/malakoloski-muzej-makarska.eu\/en\/wp-json\/wp\/v2\/types\/page"}],"author":[{"embeddable":true,"href":"https:\/\/malakoloski-muzej-makarska.eu\/en\/wp-json\/wp\/v2\/users\/1"}],"replies":[{"embeddable":true,"href":"https:\/\/malakoloski-muzej-makarska.eu\/en\/wp-json\/wp\/v2\/comments?post=2436"}],"version-history":[{"count":3,"href":"https:\/\/malakoloski-muzej-makarska.eu\/en\/wp-json\/wp\/v2\/pages\/2436\/revisions"}],"predecessor-version":[{"id":2589,"href":"https:\/\/malakoloski-muzej-makarska.eu\/en\/wp-json\/wp\/v2\/pages\/2436\/revisions\/2589"}],"wp:attachment":[{"href":"https:\/\/malakoloski-muzej-makarska.eu\/en\/wp-json\/wp\/v2\/media?parent=2436"}],"curies":[{"name":"wp","href":"https:\/\/api.w.org\/{rel}","templated":true}]}}

Dr. fra Jure Radić

<p><section class="kc-elm kc-css-582260 kc_row"><div class="kc-row-container  kc-container"><div class="kc-wrap-columns"><div class="kc-elm kc-css-157146 kc_col-sm-12 kc_column kc_col-sm-12"><div class="kc-col-container"><div class="kc-elm kc-css-667243 kc_text_block"></p>
<p>Dr. fra Jure Radić was born on 28 November 1920 in Baška Voda near Makarska. After elementary school in his home town, he graduated from the Franciscan Classical Grammar School of Sinj in 1940. He was ordained a priest in 1943 in Makarska. He received his doctorate from the Catholic Faculty of Theology in Zagreb in 1957. He was briefly parish priest in several parishes, and spent most of his life in Visovac, Makarska and Zagreb as an educator and professor (90 semesters) of seminarians and theologians. He was the guardian and rector of the Franciscan School of Theology in Makarska.</p>
<p>He is a world-renowned expert in the field of malacology, botany and ecology. He is the founder of the Malacological Museum, the &#8220;Planina i more" Institute and the Biokovo Botanical Garden Kotišina in Makarska. He is the initiator of scientific conferences and the scientific almanac &#8220;Acta Biokovica" on the nature of Biokovo. He collaborated in many natural science journals and editions where he gave a considerable number of scientific papers. He is the author, editor, publisher and translator of many professional and scientific papers on liturgical and theological issues. He was a contributor to numerous books and the author of the book Liturgijska obnova kod Hrvata (Liturgical Renewal among Croats), Zagreb, 1957. (c),75., Moj Misal, I-III (razmatranja), Rijeka; 1957 – 58, 988., Liturgijska obnova u Hrvatskoj, Makarska, 1966, 224., Blago mora, Makarska, 1970, 116., Bilje Biokova, Makarska, 1977, 237., Lice mora, Makarska, 1991, 94.</p>
<p>He died suddenly on 25 July 1990 in Split, and was buried in the City Cemetery in Makarska.</p>
<p>SOURCE: <a href="https://pp-biokovo.hr/" target="_blank" rel="noopener">https://pp-biokovo.hr/</a></p>
<p>
</div></div></div></div></div></section><section class="kc-elm kc-css-912815 kc_row"><div class="kc-row-container  kc-container"><div class="kc-wrap-columns"><div class="kc-elm kc-css-705608 kc_col-sm-12 kc_column kc_col-sm-12"><div class="kc-col-container"><div class="kc-elm kc-css-760710 kc_shortcode kc_single_image">

        <a  href="https://malakoloski-muzej-makarska.eu/wp-content/uploads/2019/10/DSC_0358.jpg" title="" target="">
        <img decoding="async" src="https://malakoloski-muzej-makarska.eu/wp-content/uploads/2019/10/DSC_0358.jpg" class="" alt="" />    </a>
    </div>
</div></div></div></div></section></p>

<!-- This site is optimized with the Yoast SEO plugin v27.2 - https://yoast.com/product/yoast-seo-wordpress/ -->
<title>Dr. fra Jure Radić - Malakološki Muzej Makarska</title>
<meta name="description" content="Dr. fra Jure Radić was born on 28 November 1920 in Baška Voda near Makarska. After elementary school in his home town, he graduated from the Franciscan Classical Grammar School of Sinj in 1940." />
<meta name="robots" content="index, follow, max-snippet:-1, max-image-preview:large, max-video-preview:-1" />
<link rel="canonical" href="https://malakoloski-muzej-makarska.eu/en/dr-fra-jure-radic/" />
<meta property="og:locale" content="en_US" />
<meta property="og:type" content="article" />
<meta property="og:title" content="Dr. fra Jure Radić - Malakološki Muzej Makarska" />
<meta property="og:description" content="Dr. fra Jure Radić was born on 28 November 1920 in Baška Voda near Makarska. After elementary school in his home town, he graduated from the Franciscan Classical Grammar School of Sinj in 1940." />
<meta property="og:url" content="https://malakoloski-muzej-makarska.eu/en/dr-fra-jure-radic/" />
<meta property="og:site_name" content="Malakološki Muzej Makarska" />
<meta property="article:modified_time" content="2024-07-01T14:25:50+00:00" />
<meta property="og:image" content="https://malakoloski-muzej-makarska.eu/wp-content/uploads/2019/10/DSC_0358.jpg" />
<meta name="twitter:card" content="summary_large_image" />
<meta name="twitter:label1" content="Est. reading time" />
	<meta name="twitter:data1" content="2 minutes" />
<script type="application/ld+json" class="yoast-schema-graph">{"@context":"https://schema.org","@graph":[{"@type":"WebPage","@id":"https://malakoloski-muzej-makarska.eu/en/dr-fra-jure-radic/","url":"https://malakoloski-muzej-makarska.eu/en/dr-fra-jure-radic/","name":"Dr. fra Jure Radić - Malakološki Muzej Makarska","isPartOf":{"@id":"https://malakoloski-muzej-makarska.eu/#website"},"primaryImageOfPage":{"@id":"https://malakoloski-muzej-makarska.eu/en/dr-fra-jure-radic/#primaryimage"},"image":{"@id":"https://malakoloski-muzej-makarska.eu/en/dr-fra-jure-radic/#primaryimage"},"thumbnailUrl":"https://malakoloski-muzej-makarska.eu/wp-content/uploads/2019/10/DSC_0358.jpg","datePublished":"2019-08-06T11:16:07+00:00","dateModified":"2024-07-01T14:25:50+00:00","description":"Dr. fra Jure Radić was born on 28 November 1920 in Baška Voda near Makarska. After elementary school in his home town, he graduated from the Franciscan Classical Grammar School of Sinj in 1940.","breadcrumb":{"@id":"https://malakoloski-muzej-makarska.eu/en/dr-fra-jure-radic/#breadcrumb"},"inLanguage":"en-US","potentialAction":[{"@type":"ReadAction","target":["https://malakoloski-muzej-makarska.eu/en/dr-fra-jure-radic/"]}]},{"@type":"ImageObject","inLanguage":"en-US","@id":"https://malakoloski-muzej-makarska.eu/en/dr-fra-jure-radic/#primaryimage","url":"https://malakoloski-muzej-makarska.eu/wp-content/uploads/2019/10/DSC_0358.jpg","contentUrl":"https://malakoloski-muzej-makarska.eu/wp-content/uploads/2019/10/DSC_0358.jpg"},{"@type":"BreadcrumbList","@id":"https://malakoloski-muzej-makarska.eu/en/dr-fra-jure-radic/#breadcrumb","itemListElement":[{"@type":"ListItem","position":1,"name":"Home","item":"https://malakoloski-muzej-makarska.eu/en/"},{"@type":"ListItem","position":2,"name":"Dr. fra Jure Radić"}]},{"@type":"WebSite","@id":"https://malakoloski-muzej-makarska.eu/#website","url":"https://malakoloski-muzej-makarska.eu/","name":"Malakološki Muzej Makarska","description":"Malakološki muzej Franjevačkog samostana u Makarskoj","potentialAction":[{"@type":"SearchAction","target":{"@type":"EntryPoint","urlTemplate":"https://malakoloski-muzej-makarska.eu/?s={search_term_string}"},"query-input":{"@type":"PropertyValueSpecification","valueRequired":true,"valueName":"search_term_string"}}],"inLanguage":"en-US"}]}</script>
<!-- / Yoast SEO plugin. -->

Dr. fra Jure Radić - Malakološki Muzej Makarska

Dr. fra Jure Radić was born on 28 November 1920 in Baška Voda near Makarska. After elementary school in his home town, he graduated from the Franciscan Classical Grammar School of Sinj in 1940.

Malakološki Muzej Makarska

Malakološki muzej Franjevačkog samostana u Makarskoj
